{"id":7109,"date":"2024-02-27T02:15:15","date_gmt":"2024-02-27T02:15:15","guid":{"rendered":"https:\/\/bodycenter.ro\/?page_id=7109"},"modified":"2024-03-08T16:14:42","modified_gmt":"2024-03-08T16:14:42","slug":"manual-massage-2","status":"publish","type":"page","link":"https:\/\/bodycenter.ro\/index.php\/massages\/manual-massage-2\/","title":{"rendered":"Masaj manula"},"content":{"rendered":"<style>.elementor-7109 .elementor-element.elementor-element-b9dfee6 > .elementor-container{max-width:1400px;}.elementor-7109 .elementor-element.elementor-element-b9dfee6{padding:60px 0px 150px 0px;}.elementor-bc-flex-widget .elementor-7109 .elementor-element.elementor-element-6c85f4b.elementor-column .elementor-widget-wrap{align-items:center;}.elementor-7109 .elementor-element.elementor-element-6c85f4b.elementor-column.elementor-element[data-element_type=\"column\"] > .elementor-widget-wrap.elementor-element-populated{align-content:center;align-items:center;}.elementor-7109 .elementor-element.elementor-element-6c85f4b > .elementor-element-populated{padding:0px 20px 0px 0px;}.elementor-7109 .elementor-element.elementor-element-dd777f9 > .elementor-widget-container{padding:0px 0px 0px 0px;}.elementor-7109 .elementor-element.elementor-element-dd777f9 .elementor-heading-title{font-size:48px;font-weight:400;line-height:70px;color:var( --e-global-color-f552ac2 );}.elementor-bc-flex-widget .elementor-7109 .elementor-element.elementor-element-4a68f2c.elementor-column .elementor-widget-wrap{align-items:center;}.elementor-7109 .elementor-element.elementor-element-4a68f2c.elementor-column.elementor-element[data-element_type=\"column\"] > .elementor-widget-wrap.elementor-element-populated{align-content:center;align-items:center;}.elementor-7109 .elementor-element.elementor-element-4a68f2c > .elementor-element-populated{padding:0px 0px 0px 20px;}.elementor-7109 .elementor-element.elementor-element-7ce0a51 img{max-width:98%;border-radius:10px 10px 10px 10px;box-shadow:2px 2px 9px -3px rgba(0,0,0,0.5);}.elementor-7109 .elementor-element.elementor-element-939b16a > .elementor-container{max-width:1400px;}.elementor-7109 .elementor-element.elementor-element-939b16a{padding:100px 0px 150px 0px;}.elementor-bc-flex-widget .elementor-7109 .elementor-element.elementor-element-b36d2ae.elementor-column .elementor-widget-wrap{align-items:center;}.elementor-7109 .elementor-element.elementor-element-b36d2ae.elementor-column.elementor-element[data-element_type=\"column\"] > .elementor-widget-wrap.elementor-element-populated{align-content:center;align-items:center;}.elementor-7109 .elementor-element.elementor-element-b36d2ae > .elementor-element-populated{padding:0px 20px 0px 0px;}.elementor-7109 .elementor-element.elementor-element-6c91e89 img{max-width:98%;border-radius:10px 10px 10px 10px;box-shadow:2px 2px 9px -3px rgba(0,0,0,0.5);}.elementor-bc-flex-widget .elementor-7109 .elementor-element.elementor-element-8aa8dea.elementor-column .elementor-widget-wrap{align-items:flex-start;}.elementor-7109 .elementor-element.elementor-element-8aa8dea.elementor-column.elementor-element[data-element_type=\"column\"] > .elementor-widget-wrap.elementor-element-populated{align-content:flex-start;align-items:flex-start;}.elementor-7109 .elementor-element.elementor-element-dfc96a7 > .elementor-widget-container{padding:0px 0px 0px 0px;}.elementor-7109 .elementor-element.elementor-element-dfc96a7 .elementor-heading-title{font-size:48px;font-weight:400;line-height:70px;color:var( --e-global-color-f552ac2 );}.elementor-7109 .elementor-element.elementor-element-87314cd .elementor-icon-box-wrapper{align-items:start;text-align:start;gap:15px;}.elementor-7109 .elementor-element.elementor-element-87314cd.elementor-view-stacked .elementor-icon{background-color:var( --e-global-color-e2d7a75 );}.elementor-7109 .elementor-element.elementor-element-87314cd.elementor-view-framed .elementor-icon, .elementor-7109 .elementor-element.elementor-element-87314cd.elementor-view-default .elementor-icon{fill:var( --e-global-color-e2d7a75 );color:var( --e-global-color-e2d7a75 );border-color:var( --e-global-color-e2d7a75 );}.elementor-7109 .elementor-element.elementor-element-87314cd .elementor-icon{font-size:30px;}.elementor-7109 .elementor-element.elementor-element-87314cd .elementor-icon-box-title, .elementor-7109 .elementor-element.elementor-element-87314cd .elementor-icon-box-title a{font-family:\"DM Sans\", Sans-serif;}.elementor-7109 .elementor-element.elementor-element-c84c1af .elementor-icon-box-wrapper{align-items:start;text-align:start;gap:15px;}.elementor-7109 .elementor-element.elementor-element-c84c1af.elementor-view-stacked .elementor-icon{background-color:var( --e-global-color-e2d7a75 );}.elementor-7109 .elementor-element.elementor-element-c84c1af.elementor-view-framed .elementor-icon, .elementor-7109 .elementor-element.elementor-element-c84c1af.elementor-view-default .elementor-icon{fill:var( --e-global-color-e2d7a75 );color:var( --e-global-color-e2d7a75 );border-color:var( --e-global-color-e2d7a75 );}.elementor-7109 .elementor-element.elementor-element-c84c1af .elementor-icon{font-size:30px;}.elementor-7109 .elementor-element.elementor-element-c84c1af .elementor-icon-box-title, .elementor-7109 .elementor-element.elementor-element-c84c1af .elementor-icon-box-title a{font-family:\"DM Sans\", Sans-serif;}.elementor-7109 .elementor-element.elementor-element-bd1a26a .elementor-icon-box-wrapper{align-items:start;text-align:start;gap:15px;}.elementor-7109 .elementor-element.elementor-element-bd1a26a.elementor-view-stacked .elementor-icon{background-color:var( --e-global-color-e2d7a75 );}.elementor-7109 .elementor-element.elementor-element-bd1a26a.elementor-view-framed .elementor-icon, .elementor-7109 .elementor-element.elementor-element-bd1a26a.elementor-view-default .elementor-icon{fill:var( --e-global-color-e2d7a75 );color:var( --e-global-color-e2d7a75 );border-color:var( --e-global-color-e2d7a75 );}.elementor-7109 .elementor-element.elementor-element-bd1a26a .elementor-icon{font-size:30px;}.elementor-7109 .elementor-element.elementor-element-bd1a26a .elementor-icon-box-title, .elementor-7109 .elementor-element.elementor-element-bd1a26a .elementor-icon-box-title a{font-family:\"DM Sans\", Sans-serif;}.elementor-7109 .elementor-element.elementor-element-df08896 .elementor-icon-box-wrapper{align-items:start;text-align:start;gap:15px;}.elementor-7109 .elementor-element.elementor-element-df08896.elementor-view-stacked .elementor-icon{background-color:var( --e-global-color-e2d7a75 );}.elementor-7109 .elementor-element.elementor-element-df08896.elementor-view-framed .elementor-icon, .elementor-7109 .elementor-element.elementor-element-df08896.elementor-view-default .elementor-icon{fill:var( --e-global-color-e2d7a75 );color:var( --e-global-color-e2d7a75 );border-color:var( --e-global-color-e2d7a75 );}.elementor-7109 .elementor-element.elementor-element-df08896 .elementor-icon{font-size:30px;}.elementor-7109 .elementor-element.elementor-element-df08896 .elementor-icon-box-title, .elementor-7109 .elementor-element.elementor-element-df08896 .elementor-icon-box-title a{font-family:\"DM Sans\", Sans-serif;}@media(max-width:1024px) and (min-width:768px){.elementor-7109 .elementor-element.elementor-element-6c85f4b{width:100%;}.elementor-7109 .elementor-element.elementor-element-4a68f2c{width:100%;}.elementor-7109 .elementor-element.elementor-element-b36d2ae{width:100%;}.elementor-7109 .elementor-element.elementor-element-8aa8dea{width:100%;}}@media(max-width:1024px){.elementor-7109 .elementor-element.elementor-element-b9dfee6{padding:0px 50px 150px 50px;}.elementor-7109 .elementor-element.elementor-element-6c85f4b > .elementor-element-populated{padding:50px 0px 0px 0px;}.elementor-7109 .elementor-element.elementor-element-dd777f9{text-align:center;}.elementor-7109 .elementor-element.elementor-element-939b16a{padding:0px 50px 150px 50px;}.elementor-7109 .elementor-element.elementor-element-8aa8dea > .elementor-element-populated{padding:50px 0px 0px 0px;}.elementor-7109 .elementor-element.elementor-element-dfc96a7{text-align:center;}.elementor-7109 .elementor-element.elementor-element-87314cd .elementor-icon{font-size:25px;}.elementor-7109 .elementor-element.elementor-element-87314cd .elementor-icon-box-title, .elementor-7109 .elementor-element.elementor-element-87314cd .elementor-icon-box-title a{font-size:22px;line-height:1.1em;letter-spacing:0.8px;}.elementor-7109 .elementor-element.elementor-element-c84c1af .elementor-icon{font-size:25px;}.elementor-7109 .elementor-element.elementor-element-c84c1af .elementor-icon-box-title, .elementor-7109 .elementor-element.elementor-element-c84c1af .elementor-icon-box-title a{font-size:22px;line-height:1.1em;letter-spacing:0.8px;}.elementor-7109 .elementor-element.elementor-element-bd1a26a .elementor-icon{font-size:25px;}.elementor-7109 .elementor-element.elementor-element-bd1a26a .elementor-icon-box-title, .elementor-7109 .elementor-element.elementor-element-bd1a26a .elementor-icon-box-title a{font-size:22px;line-height:1.1em;letter-spacing:0.8px;}.elementor-7109 .elementor-element.elementor-element-df08896 .elementor-icon{font-size:25px;}.elementor-7109 .elementor-element.elementor-element-df08896 .elementor-icon-box-title, .elementor-7109 .elementor-element.elementor-element-df08896 .elementor-icon-box-title a{font-size:22px;line-height:1.1em;letter-spacing:0.8px;}}@media(max-width:767px){.elementor-7109 .elementor-element.elementor-element-b9dfee6{padding:0px 30px 100px 30px;}.elementor-7109 .elementor-element.elementor-element-dd777f9 .elementor-heading-title{font-size:40px;line-height:48px;}.elementor-7109 .elementor-element.elementor-element-4a68f2c > .elementor-element-populated{padding:0px 0px 0px 0px;}.elementor-7109 .elementor-element.elementor-element-7ce0a51 img{max-width:100%;}.elementor-7109 .elementor-element.elementor-element-939b16a{padding:0px 30px 100px 30px;}.elementor-7109 .elementor-element.elementor-element-b36d2ae > .elementor-element-populated{padding:0px 0px 0px 0px;}.elementor-7109 .elementor-element.elementor-element-6c91e89 img{max-width:100%;}.elementor-7109 .elementor-element.elementor-element-dfc96a7{text-align:center;}.elementor-7109 .elementor-element.elementor-element-dfc96a7 .elementor-heading-title{font-size:36px;line-height:48px;}.elementor-7109 .elementor-element.elementor-element-87314cd .elementor-icon{font-size:25px;}.elementor-7109 .elementor-element.elementor-element-87314cd .elementor-icon-box-title, .elementor-7109 .elementor-element.elementor-element-87314cd .elementor-icon-box-title a{font-size:22px;line-height:1em;letter-spacing:0.8px;word-spacing:0em;}.elementor-7109 .elementor-element.elementor-element-c84c1af .elementor-icon{font-size:25px;}.elementor-7109 .elementor-element.elementor-element-c84c1af .elementor-icon-box-title, .elementor-7109 .elementor-element.elementor-element-c84c1af .elementor-icon-box-title a{font-size:22px;line-height:1em;letter-spacing:0.8px;word-spacing:0em;}.elementor-7109 .elementor-element.elementor-element-bd1a26a .elementor-icon{font-size:25px;}.elementor-7109 .elementor-element.elementor-element-bd1a26a .elementor-icon-box-title, .elementor-7109 .elementor-element.elementor-element-bd1a26a .elementor-icon-box-title a{font-size:22px;line-height:1em;letter-spacing:0.8px;word-spacing:0em;}.elementor-7109 .elementor-element.elementor-element-df08896 .elementor-icon{font-size:25px;}.elementor-7109 .elementor-element.elementor-element-df08896 .elementor-icon-box-title, .elementor-7109 .elementor-element.elementor-element-df08896 .elementor-icon-box-title a{font-size:22px;line-height:1em;letter-spacing:0.8px;word-spacing:0em;}}<\/style>\t\t<div data-elementor-type=\"wp-page\" data-elementor-id=\"7109\" class=\"elementor elementor-7109\">\n\t\t\t\t\t\t<section class=\"elementor-section elementor-top-section elementor-element elementor-element-b9dfee6 elementor-reverse-tablet elementor-reverse-mobile elementor-section-boxed elementor-section-height-default elementor-section-height-default\" data-id=\"b9dfee6\" data-element_type=\"section\">\n\t\t\t\t\t\t<div class=\"elementor-container elementor-column-gap-no\">\n\t\t\t\t\t<div class=\"elementor-column elementor-col-50 elementor-top-column elementor-element elementor-element-6c85f4b\" data-id=\"6c85f4b\" data-element_type=\"column\">\n\t\t\t<div class=\"elementor-widget-wrap elementor-element-populated\">\n\t\t\t\t\t\t<div class=\"elementor-element elementor-element-dd777f9 elementor-widget elementor-widget-heading\" data-id=\"dd777f9\" data-element_type=\"widget\" data-widget_type=\"heading.default\">\n\t\t\t\t<div class=\"elementor-widget-container\">\n\t\t\t\t\t<h2 class=\"elementor-heading-title elementor-size-default\">Masaje manual<\/h2>\t\t\t\t<\/div>\n\t\t\t\t<\/div>\n\t\t\t\t<div class=\"elementor-element elementor-element-57a35a7 elementor-widget elementor-widget-text-editor\" data-id=\"57a35a7\" data-element_type=\"widget\" data-widget_type=\"text-editor.default\">\n\t\t\t\t<div class=\"elementor-widget-container\">\n\t\t\t\t\t\t\t\t\t<p>Masajul manual este o tehnic\u0103 terapeutic\u0103 care implic\u0103 manipularea \u021besuturilor moi din corp, cum ar fi mu\u0219chii, tendoanele, ligamentele \u0219i \u021besutul conjunctiv, folosind tehnici practice. Este o practic\u0103 utilizat\u0103 de secole \u00een diverse culturi pentru a promova relaxarea, a atenua tensiunea muscular\u0103 \u0219i a spori starea general\u0103 de bine.<\/p>\t\t\t\t\t\t\t\t<\/div>\n\t\t\t\t<\/div>\n\t\t\t\t\t<\/div>\n\t\t<\/div>\n\t\t\t\t<div class=\"elementor-column elementor-col-50 elementor-top-column elementor-element elementor-element-4a68f2c\" data-id=\"4a68f2c\" data-element_type=\"column\">\n\t\t\t<div class=\"elementor-widget-wrap elementor-element-populated\">\n\t\t\t\t\t\t<div class=\"elementor-element elementor-element-7ce0a51 elementor-widget elementor-widget-image\" data-id=\"7ce0a51\" data-element_type=\"widget\" data-widget_type=\"image.default\">\n\t\t\t\t<div class=\"elementor-widget-container\">\n\t\t\t\t\t\t\t\t\t\t\t\t\t\t\t<img fetchpriority=\"high\" decoding=\"async\" width=\"640\" height=\"356\" src=\"https:\/\/bodycenter.ro\/wp-content\/uploads\/2024\/02\/visage.png\" class=\"attachment-large size-large wp-image-6544\" alt=\"\" srcset=\"https:\/\/bodycenter.ro\/wp-content\/uploads\/2024\/02\/visage.png 900w, https:\/\/bodycenter.ro\/wp-content\/uploads\/2024\/02\/visage-300x167.png 300w, https:\/\/bodycenter.ro\/wp-content\/uploads\/2024\/02\/visage-768x427.png 768w, https:\/\/bodycenter.ro\/wp-content\/uploads\/2024\/02\/visage-600x333.png 600w, https:\/\/bodycenter.ro\/wp-content\/uploads\/2024\/02\/visage-760x422.png 760w, https:\/\/bodycenter.ro\/wp-content\/uploads\/2024\/02\/visage-370x206.png 370w\" sizes=\"(max-width: 640px) 100vw, 640px\" \/>\t\t\t\t\t\t\t\t\t\t\t\t\t\t\t<\/div>\n\t\t\t\t<\/div>\n\t\t\t\t\t<\/div>\n\t\t<\/div>\n\t\t\t\t\t<\/div>\n\t\t<\/section>\n\t\t\t\t<section class=\"elementor-section elementor-top-section elementor-element elementor-element-939b16a elementor-section-boxed elementor-section-height-default elementor-section-height-default\" data-id=\"939b16a\" data-element_type=\"section\">\n\t\t\t\t\t\t<div class=\"elementor-container elementor-column-gap-no\">\n\t\t\t\t\t<div class=\"elementor-column elementor-col-50 elementor-top-column elementor-element elementor-element-b36d2ae\" data-id=\"b36d2ae\" data-element_type=\"column\">\n\t\t\t<div class=\"elementor-widget-wrap elementor-element-populated\">\n\t\t\t\t\t\t<div class=\"elementor-element elementor-element-6c91e89 elementor-widget elementor-widget-image\" data-id=\"6c91e89\" data-element_type=\"widget\" data-widget_type=\"image.default\">\n\t\t\t\t<div class=\"elementor-widget-container\">\n\t\t\t\t\t\t\t\t\t\t\t\t\t\t\t<img decoding=\"async\" width=\"500\" height=\"500\" src=\"https:\/\/bodycenter.ro\/wp-content\/uploads\/2024\/02\/Design-sans-titre-7.png\" class=\"attachment-large size-large wp-image-6286\" alt=\"\" srcset=\"https:\/\/bodycenter.ro\/wp-content\/uploads\/2024\/02\/Design-sans-titre-7.png 500w, https:\/\/bodycenter.ro\/wp-content\/uploads\/2024\/02\/Design-sans-titre-7-300x300.png 300w, https:\/\/bodycenter.ro\/wp-content\/uploads\/2024\/02\/Design-sans-titre-7-150x150.png 150w, https:\/\/bodycenter.ro\/wp-content\/uploads\/2024\/02\/Design-sans-titre-7-100x100.png 100w, https:\/\/bodycenter.ro\/wp-content\/uploads\/2024\/02\/Design-sans-titre-7-460x460.png 460w, https:\/\/bodycenter.ro\/wp-content\/uploads\/2024\/02\/Design-sans-titre-7-370x370.png 370w, https:\/\/bodycenter.ro\/wp-content\/uploads\/2024\/02\/Design-sans-titre-7-75x75.png 75w\" sizes=\"(max-width: 500px) 100vw, 500px\" \/>\t\t\t\t\t\t\t\t\t\t\t\t\t\t\t<\/div>\n\t\t\t\t<\/div>\n\t\t\t\t\t<\/div>\n\t\t<\/div>\n\t\t\t\t<div class=\"elementor-column elementor-col-50 elementor-top-column elementor-element elementor-element-8aa8dea\" data-id=\"8aa8dea\" data-element_type=\"column\">\n\t\t\t<div class=\"elementor-widget-wrap elementor-element-populated\">\n\t\t\t\t\t\t<div class=\"elementor-element elementor-element-dfc96a7 elementor-widget elementor-widget-heading\" data-id=\"dfc96a7\" data-element_type=\"widget\" data-widget_type=\"heading.default\">\n\t\t\t\t<div class=\"elementor-widget-container\">\n\t\t\t\t\t<h2 class=\"elementor-heading-title elementor-size-default\">Explorarea beneficiilor terapiei de masaj manual.<\/h2>\t\t\t\t<\/div>\n\t\t\t\t<\/div>\n\t\t\t\t<div class=\"elementor-element elementor-element-87314cd elementor-position-inline-start elementor-mobile-position-inline-start elementor-view-default elementor-widget elementor-widget-icon-box\" data-id=\"87314cd\" data-element_type=\"widget\" data-widget_type=\"icon-box.default\">\n\t\t\t\t<div class=\"elementor-widget-container\">\n\t\t\t\t\t\t\t<div class=\"elementor-icon-box-wrapper\">\n\n\t\t\t\t\t\t<div class=\"elementor-icon-box-icon\">\n\t\t\t\t<span  class=\"elementor-icon\">\n\t\t\t\t<svg aria-hidden=\"true\" class=\"e-font-icon-svg e-fas-check-circle\" viewBox=\"0 0 512 512\" xmlns=\"http:\/\/www.w3.org\/2000\/svg\"><path d=\"M504 256c0 136.967-111.033 248-248 248S8 392.967 8 256 119.033 8 256 8s248 111.033 248 248zM227.314 387.314l184-184c6.248-6.248 6.248-16.379 0-22.627l-22.627-22.627c-6.248-6.249-16.379-6.249-22.628 0L216 308.118l-70.059-70.059c-6.248-6.248-16.379-6.248-22.628 0l-22.627 22.627c-6.248 6.248-6.248 16.379 0 22.627l104 104c6.249 6.249 16.379 6.249 22.628.001z\"><\/path><\/svg>\t\t\t\t<\/span>\n\t\t\t<\/div>\n\t\t\t\n\t\t\t\t\t\t<div class=\"elementor-icon-box-content\">\n\n\t\t\t\t\t\t\t\t\t<h3 class=\"elementor-icon-box-title\">\n\t\t\t\t\t\t<span  >\n\t\t\t\t\t\t\tRelaxare musculara\t\t\t\t\t\t<\/span>\n\t\t\t\t\t<\/h3>\n\t\t\t\t\n\t\t\t\t\n\t\t\t<\/div>\n\t\t\t\n\t\t<\/div>\n\t\t\t\t\t\t<\/div>\n\t\t\t\t<\/div>\n\t\t\t\t<div class=\"elementor-element elementor-element-c84c1af elementor-position-inline-start elementor-mobile-position-inline-start elementor-view-default elementor-widget elementor-widget-icon-box\" data-id=\"c84c1af\" data-element_type=\"widget\" data-widget_type=\"icon-box.default\">\n\t\t\t\t<div class=\"elementor-widget-container\">\n\t\t\t\t\t\t\t<div class=\"elementor-icon-box-wrapper\">\n\n\t\t\t\t\t\t<div class=\"elementor-icon-box-icon\">\n\t\t\t\t<span  class=\"elementor-icon\">\n\t\t\t\t<svg aria-hidden=\"true\" class=\"e-font-icon-svg e-fas-check-circle\" viewBox=\"0 0 512 512\" xmlns=\"http:\/\/www.w3.org\/2000\/svg\"><path d=\"M504 256c0 136.967-111.033 248-248 248S8 392.967 8 256 119.033 8 256 8s248 111.033 248 248zM227.314 387.314l184-184c6.248-6.248 6.248-16.379 0-22.627l-22.627-22.627c-6.248-6.249-16.379-6.249-22.628 0L216 308.118l-70.059-70.059c-6.248-6.248-16.379-6.248-22.628 0l-22.627 22.627c-6.248 6.248-6.248 16.379 0 22.627l104 104c6.249 6.249 16.379 6.249 22.628.001z\"><\/path><\/svg>\t\t\t\t<\/span>\n\t\t\t<\/div>\n\t\t\t\n\t\t\t\t\t\t<div class=\"elementor-icon-box-content\">\n\n\t\t\t\t\t\t\t\t\t<h3 class=\"elementor-icon-box-title\">\n\t\t\t\t\t\t<span  >\n\t\t\t\t\t\t\tImbunatatirea circulatiei\t\t\t\t\t\t<\/span>\n\t\t\t\t\t<\/h3>\n\t\t\t\t\n\t\t\t\t\n\t\t\t<\/div>\n\t\t\t\n\t\t<\/div>\n\t\t\t\t\t\t<\/div>\n\t\t\t\t<\/div>\n\t\t\t\t<div class=\"elementor-element elementor-element-bd1a26a elementor-position-inline-start elementor-mobile-position-inline-start elementor-view-default elementor-widget elementor-widget-icon-box\" data-id=\"bd1a26a\" data-element_type=\"widget\" data-widget_type=\"icon-box.default\">\n\t\t\t\t<div class=\"elementor-widget-container\">\n\t\t\t\t\t\t\t<div class=\"elementor-icon-box-wrapper\">\n\n\t\t\t\t\t\t<div class=\"elementor-icon-box-icon\">\n\t\t\t\t<span  class=\"elementor-icon\">\n\t\t\t\t<svg aria-hidden=\"true\" class=\"e-font-icon-svg e-fas-check-circle\" viewBox=\"0 0 512 512\" xmlns=\"http:\/\/www.w3.org\/2000\/svg\"><path d=\"M504 256c0 136.967-111.033 248-248 248S8 392.967 8 256 119.033 8 256 8s248 111.033 248 248zM227.314 387.314l184-184c6.248-6.248 6.248-16.379 0-22.627l-22.627-22.627c-6.248-6.249-16.379-6.249-22.628 0L216 308.118l-70.059-70.059c-6.248-6.248-16.379-6.248-22.628 0l-22.627 22.627c-6.248 6.248-6.248 16.379 0 22.627l104 104c6.249 6.249 16.379 6.249 22.628.001z\"><\/path><\/svg>\t\t\t\t<\/span>\n\t\t\t<\/div>\n\t\t\t\n\t\t\t\t\t\t<div class=\"elementor-icon-box-content\">\n\n\t\t\t\t\t\t\t\t\t<h3 class=\"elementor-icon-box-title\">\n\t\t\t\t\t\t<span  >\n\t\t\t\t\t\t\tAmeliorarea durerii\t\t\t\t\t\t<\/span>\n\t\t\t\t\t<\/h3>\n\t\t\t\t\n\t\t\t\t\n\t\t\t<\/div>\n\t\t\t\n\t\t<\/div>\n\t\t\t\t\t\t<\/div>\n\t\t\t\t<\/div>\n\t\t\t\t<div class=\"elementor-element elementor-element-df08896 elementor-position-inline-start elementor-mobile-position-inline-start elementor-view-default elementor-widget elementor-widget-icon-box\" data-id=\"df08896\" data-element_type=\"widget\" data-widget_type=\"icon-box.default\">\n\t\t\t\t<div class=\"elementor-widget-container\">\n\t\t\t\t\t\t\t<div class=\"elementor-icon-box-wrapper\">\n\n\t\t\t\t\t\t<div class=\"elementor-icon-box-icon\">\n\t\t\t\t<span  class=\"elementor-icon\">\n\t\t\t\t<svg aria-hidden=\"true\" class=\"e-font-icon-svg e-fas-check-circle\" viewBox=\"0 0 512 512\" xmlns=\"http:\/\/www.w3.org\/2000\/svg\"><path d=\"M504 256c0 136.967-111.033 248-248 248S8 392.967 8 256 119.033 8 256 8s248 111.033 248 248zM227.314 387.314l184-184c6.248-6.248 6.248-16.379 0-22.627l-22.627-22.627c-6.248-6.249-16.379-6.249-22.628 0L216 308.118l-70.059-70.059c-6.248-6.248-16.379-6.248-22.628 0l-22.627 22.627c-6.248 6.248-6.248 16.379 0 22.627l104 104c6.249 6.249 16.379 6.249 22.628.001z\"><\/path><\/svg>\t\t\t\t<\/span>\n\t\t\t<\/div>\n\t\t\t\n\t\t\t\t\t\t<div class=\"elementor-icon-box-content\">\n\n\t\t\t\t\t\t\t\t\t<h3 class=\"elementor-icon-box-title\">\n\t\t\t\t\t\t<span  >\n\t\t\t\t\t\t\tReducerea stresului\t\t\t\t\t\t<\/span>\n\t\t\t\t\t<\/h3>\n\t\t\t\t\n\t\t\t\t\n\t\t\t<\/div>\n\t\t\t\n\t\t<\/div>\n\t\t\t\t\t\t<\/div>\n\t\t\t\t<\/div>\n\t\t\t\t\t<\/div>\n\t\t<\/div>\n\t\t\t\t\t<\/div>\n\t\t<\/section>\n\t\t\t\t<\/div>\n\t\t","protected":false},"excerpt":{"rendered":"<p>Masaje manual Masajul manual este o tehnic\u0103 terapeutic\u0103 care implic\u0103 manipularea \u021besuturilor moi din corp, cum ar fi mu\u0219chii, tendoanele, ligamentele \u0219i \u021besutul conjunctiv, folosind tehnici practice. Este o practic\u0103 utilizat\u0103 de secole \u00een diverse culturi pentru a promova relaxarea, a atenua tensiunea muscular\u0103 \u0219i a spori starea general\u0103 de bine. Explorarea beneficiilor terapiei de [&hellip;]<\/p>\n","protected":false},"author":1,"featured_media":0,"parent":5356,"menu_order":0,"comment_status":"closed","ping_status":"closed","template":"elementor_header_footer","meta":{"footnotes":""},"class_list":["post-7109","page","type-page","status-publish","hentry"],"_links":{"self":[{"href":"https:\/\/bodycenter.ro\/index.php\/wp-json\/wp\/v2\/pages\/7109","targetHints":{"allow":["GET"]}}],"collection":[{"href":"https:\/\/bodycenter.ro\/index.php\/wp-json\/wp\/v2\/pages"}],"about":[{"href":"https:\/\/bodycenter.ro\/index.php\/wp-json\/wp\/v2\/types\/page"}],"author":[{"embeddable":true,"href":"https:\/\/bodycenter.ro\/index.php\/wp-json\/wp\/v2\/users\/1"}],"replies":[{"embeddable":true,"href":"https:\/\/bodycenter.ro\/index.php\/wp-json\/wp\/v2\/comments?post=7109"}],"version-history":[{"count":30,"href":"https:\/\/bodycenter.ro\/index.php\/wp-json\/wp\/v2\/pages\/7109\/revisions"}],"predecessor-version":[{"id":8006,"href":"https:\/\/bodycenter.ro\/index.php\/wp-json\/wp\/v2\/pages\/7109\/revisions\/8006"}],"up":[{"embeddable":true,"href":"https:\/\/bodycenter.ro\/index.php\/wp-json\/wp\/v2\/pages\/5356"}],"wp:attachment":[{"href":"https:\/\/bodycenter.ro\/index.php\/wp-json\/wp\/v2\/media?parent=7109"}],"curies":[{"name":"wp","href":"https:\/\/api.w.org\/{rel}","templated":true}]}}