{"id":7076,"date":"2024-02-27T01:14:05","date_gmt":"2024-02-27T01:14:05","guid":{"rendered":"https:\/\/bodycenter.ro\/?page_id=7076"},"modified":"2024-03-08T16:18:11","modified_gmt":"2024-03-08T16:18:11","slug":"facial-massage","status":"publish","type":"page","link":"https:\/\/bodycenter.ro\/index.php\/massages\/facial-massage\/","title":{"rendered":"Masaj facial"},"content":{"rendered":"<style>.elementor-7076 .elementor-element.elementor-element-b9dfee6 > .elementor-container{max-width:1400px;}.elementor-7076 .elementor-element.elementor-element-b9dfee6{padding:60px 0px 150px 0px;}.elementor-bc-flex-widget .elementor-7076 .elementor-element.elementor-element-6c85f4b.elementor-column .elementor-widget-wrap{align-items:center;}.elementor-7076 .elementor-element.elementor-element-6c85f4b.elementor-column.elementor-element[data-element_type=\"column\"] > .elementor-widget-wrap.elementor-element-populated{align-content:center;align-items:center;}.elementor-7076 .elementor-element.elementor-element-6c85f4b > .elementor-element-populated{padding:0px 20px 0px 0px;}.elementor-7076 .elementor-element.elementor-element-dd777f9 > .elementor-widget-container{padding:0px 0px 0px 0px;}.elementor-7076 .elementor-element.elementor-element-dd777f9 .elementor-heading-title{font-size:48px;font-weight:400;line-height:70px;color:var( --e-global-color-f552ac2 );}.elementor-bc-flex-widget .elementor-7076 .elementor-element.elementor-element-4a68f2c.elementor-column .elementor-widget-wrap{align-items:center;}.elementor-7076 .elementor-element.elementor-element-4a68f2c.elementor-column.elementor-element[data-element_type=\"column\"] > .elementor-widget-wrap.elementor-element-populated{align-content:center;align-items:center;}.elementor-7076 .elementor-element.elementor-element-4a68f2c > .elementor-element-populated{padding:0px 0px 0px 20px;}.elementor-7076 .elementor-element.elementor-element-7ce0a51 img{max-width:98%;border-radius:10px 10px 10px 10px;box-shadow:2px 2px 9px -3px rgba(0,0,0,0.5);}@media(max-width:1024px) and (min-width:768px){.elementor-7076 .elementor-element.elementor-element-6c85f4b{width:100%;}.elementor-7076 .elementor-element.elementor-element-4a68f2c{width:100%;}}@media(max-width:1024px){.elementor-7076 .elementor-element.elementor-element-b9dfee6{padding:0px 50px 100px 50px;}.elementor-7076 .elementor-element.elementor-element-6c85f4b > .elementor-element-populated{padding:50px 0px 0px 0px;}.elementor-7076 .elementor-element.elementor-element-dd777f9{text-align:center;}}@media(max-width:767px){.elementor-7076 .elementor-element.elementor-element-b9dfee6{padding:0px 30px 30px 30px;}.elementor-7076 .elementor-element.elementor-element-dd777f9 .elementor-heading-title{font-size:44px;line-height:48px;}.elementor-7076 .elementor-element.elementor-element-4a68f2c > .elementor-element-populated{padding:0px 0px 0px 0px;}.elementor-7076 .elementor-element.elementor-element-7ce0a51 img{max-width:100%;}}<\/style>\t\t<div data-elementor-type=\"wp-page\" data-elementor-id=\"7076\" class=\"elementor elementor-7076\">\n\t\t\t\t\t\t<section class=\"elementor-section elementor-top-section elementor-element elementor-element-b9dfee6 elementor-reverse-tablet elementor-reverse-mobile elementor-section-boxed elementor-section-height-default elementor-section-height-default\" data-id=\"b9dfee6\" data-element_type=\"section\">\n\t\t\t\t\t\t<div class=\"elementor-container elementor-column-gap-no\">\n\t\t\t\t\t<div class=\"elementor-column elementor-col-50 elementor-top-column elementor-element elementor-element-6c85f4b\" data-id=\"6c85f4b\" data-element_type=\"column\">\n\t\t\t<div class=\"elementor-widget-wrap elementor-element-populated\">\n\t\t\t\t\t\t<div class=\"elementor-element elementor-element-dd777f9 elementor-widget elementor-widget-heading\" data-id=\"dd777f9\" data-element_type=\"widget\" data-widget_type=\"heading.default\">\n\t\t\t\t<div class=\"elementor-widget-container\">\n\t\t\t\t\t<h2 class=\"elementor-heading-title elementor-size-default\">Masaj facial<\/h2>\t\t\t\t<\/div>\n\t\t\t\t<\/div>\n\t\t\t\t<div class=\"elementor-element elementor-element-57a35a7 elementor-widget elementor-widget-text-editor\" data-id=\"57a35a7\" data-element_type=\"widget\" data-widget_type=\"text-editor.default\">\n\t\t\t\t<div class=\"elementor-widget-container\">\n\t\t\t\t\t\t\t\t\t<p>Masajul facial este unul dintre cele mai apreciate masaje, deoarece elibereaz\u0103 o mare parte din stresul acumulat \u00een organism. Efectele masajului facial sunt imediate \u0219i extrem de vizibile. Ac\u0163iunea uleiurilor folosite \u00een combina\u021bie cu masajul facial \u0219i stimularea punctelor reflexogene are un efect rapid, red\u00e2nd fe\u021bei vitalitatea, str\u0103lucirea \u0219i luminozitatea \u0219i imbun\u0103t\u0103\u021bindu-i tonusul natural. Prin masajul facial se elimin\u0103 toxinele \u0219i se \u00eendep\u0103rteaz\u0103 celulele moarte, se stimuleaz\u0103 circula\u021bia \u0219i se tonific\u0103 musculatura facial\u0103, av\u00e2nd ca efect o re\u00eentinerire miraculoas\u0103.<\/p>\t\t\t\t\t\t\t\t<\/div>\n\t\t\t\t<\/div>\n\t\t\t\t\t<\/div>\n\t\t<\/div>\n\t\t\t\t<div class=\"elementor-column elementor-col-50 elementor-top-column elementor-element elementor-element-4a68f2c\" data-id=\"4a68f2c\" data-element_type=\"column\">\n\t\t\t<div class=\"elementor-widget-wrap elementor-element-populated\">\n\t\t\t\t\t\t<div class=\"elementor-element elementor-element-7ce0a51 elementor-widget elementor-widget-image\" data-id=\"7ce0a51\" data-element_type=\"widget\" data-widget_type=\"image.default\">\n\t\t\t\t<div class=\"elementor-widget-container\">\n\t\t\t\t\t\t\t\t\t\t\t\t\t\t\t<img fetchpriority=\"high\" decoding=\"async\" width=\"500\" height=\"500\" src=\"https:\/\/bodycenter.ro\/wp-content\/uploads\/2024\/02\/Design-sans-titre-7.png\" class=\"attachment-large size-large wp-image-6286\" alt=\"\" srcset=\"https:\/\/bodycenter.ro\/wp-content\/uploads\/2024\/02\/Design-sans-titre-7.png 500w, https:\/\/bodycenter.ro\/wp-content\/uploads\/2024\/02\/Design-sans-titre-7-300x300.png 300w, https:\/\/bodycenter.ro\/wp-content\/uploads\/2024\/02\/Design-sans-titre-7-150x150.png 150w, https:\/\/bodycenter.ro\/wp-content\/uploads\/2024\/02\/Design-sans-titre-7-100x100.png 100w, https:\/\/bodycenter.ro\/wp-content\/uploads\/2024\/02\/Design-sans-titre-7-460x460.png 460w, https:\/\/bodycenter.ro\/wp-content\/uploads\/2024\/02\/Design-sans-titre-7-370x370.png 370w, https:\/\/bodycenter.ro\/wp-content\/uploads\/2024\/02\/Design-sans-titre-7-75x75.png 75w\" sizes=\"(max-width: 500px) 100vw, 500px\" \/>\t\t\t\t\t\t\t\t\t\t\t\t\t\t\t<\/div>\n\t\t\t\t<\/div>\n\t\t\t\t\t<\/div>\n\t\t<\/div>\n\t\t\t\t\t<\/div>\n\t\t<\/section>\n\t\t\t\t<\/div>\n\t\t","protected":false},"excerpt":{"rendered":"<p>Masaj facial Masajul facial este unul dintre cele mai apreciate masaje, deoarece elibereaz\u0103 o mare parte din stresul acumulat \u00een organism. Efectele masajului facial sunt imediate \u0219i extrem de vizibile. Ac\u0163iunea uleiurilor folosite \u00een combina\u021bie cu masajul facial \u0219i stimularea punctelor reflexogene are un efect rapid, red\u00e2nd fe\u021bei vitalitatea, str\u0103lucirea \u0219i luminozitatea \u0219i imbun\u0103t\u0103\u021bindu-i tonusul [&hellip;]<\/p>\n","protected":false},"author":1,"featured_media":0,"parent":5356,"menu_order":0,"comment_status":"closed","ping_status":"closed","template":"elementor_header_footer","meta":{"footnotes":""},"class_list":["post-7076","page","type-page","status-publish","hentry"],"_links":{"self":[{"href":"https:\/\/bodycenter.ro\/index.php\/wp-json\/wp\/v2\/pages\/7076","targetHints":{"allow":["GET"]}}],"collection":[{"href":"https:\/\/bodycenter.ro\/index.php\/wp-json\/wp\/v2\/pages"}],"about":[{"href":"https:\/\/bodycenter.ro\/index.php\/wp-json\/wp\/v2\/types\/page"}],"author":[{"embeddable":true,"href":"https:\/\/bodycenter.ro\/index.php\/wp-json\/wp\/v2\/users\/1"}],"replies":[{"embeddable":true,"href":"https:\/\/bodycenter.ro\/index.php\/wp-json\/wp\/v2\/comments?post=7076"}],"version-history":[{"count":25,"href":"https:\/\/bodycenter.ro\/index.php\/wp-json\/wp\/v2\/pages\/7076\/revisions"}],"predecessor-version":[{"id":8016,"href":"https:\/\/bodycenter.ro\/index.php\/wp-json\/wp\/v2\/pages\/7076\/revisions\/8016"}],"up":[{"embeddable":true,"href":"https:\/\/bodycenter.ro\/index.php\/wp-json\/wp\/v2\/pages\/5356"}],"wp:attachment":[{"href":"https:\/\/bodycenter.ro\/index.php\/wp-json\/wp\/v2\/media?parent=7076"}],"curies":[{"name":"wp","href":"https:\/\/api.w.org\/{rel}","templated":true}]}}